{"id":423,"date":"2021-02-03T15:51:33","date_gmt":"2021-02-03T14:51:33","guid":{"rendered":"http:\/\/garten.andre-schuermann.net\/wordpress\/?page_id=423"},"modified":"2021-02-03T19:48:01","modified_gmt":"2021-02-03T18:48:01","slug":"leihgeraete-2","status":"publish","type":"page","link":"http:\/\/garten.andre-schuermann.net\/?page_id=423","title":{"rendered":"Leihger\u00e4te"},"content":{"rendered":"\n<p>Wir verleihen g\u00fcnstig und kurzfristig zu fairen Preisen folgende Ger\u00e4te:.<\/p>\n\n\n\n<ul class=\"wp-block-list\"><li>Vertikultierer (Elektro u. Benziner)<\/li><li>Motorhacken<\/li><li>Motors\u00e4gen Echo<\/li><li>R\u00fcttelplatten<\/li><li>div. Sabo Rasenm\u00e4her<\/li><li>Aufsitzm\u00e4her auf Anfrage<\/li><\/ul>\n\n\n\n<figure class=\"wp-block-image size-large\"><img loading=\"lazy\" decoding=\"async\" width=\"604\" height=\"270\" src=\"http:\/\/garten.andre-schuermann.net\/wp-content\/uploads\/2021\/01\/Header_Dolmar-604x270-1.jpg\" alt=\"\" class=\"wp-image-157\" srcset=\"http:\/\/garten.andre-schuermann.net\/wp-content\/uploads\/2021\/01\/Header_Dolmar-604x270-1.jpg 604w, http:\/\/garten.andre-schuermann.net\/wp-content\/uploads\/2021\/01\/Header_Dolmar-604x270-1-300x134.jpg 300w\" sizes=\"auto, (max-width: 604px) 100vw, 604px\" \/><\/figure>\n","protected":false},"excerpt":{"rendered":"<p>Wir verleihen g\u00fcnstig und kurzfristig zu fairen Preisen folgende Ger\u00e4te:. Vertikultierer (Elektro u. Benziner) Motorhacken Motors\u00e4gen Echo R\u00fcttelplatten div. Sabo Rasenm\u00e4her Aufsitzm\u00e4her auf Anfrage<\/p>\n","protected":false},"author":1,"featured_media":158,"parent":0,"menu_order":0,"comment_status":"closed","ping_status":"closed","template":"","meta":{"footnotes":""},"class_list":["post-423","page","type-page","status-publish","has-post-thumbnail","hentry"],"_links":{"self":[{"href":"http:\/\/garten.andre-schuermann.net\/index.php?rest_route=\/wp\/v2\/pages\/423","targetHints":{"allow":["GET"]}}],"collection":[{"href":"http:\/\/garten.andre-schuermann.net\/index.php?rest_route=\/wp\/v2\/pages"}],"about":[{"href":"http:\/\/garten.andre-schuermann.net\/index.php?rest_route=\/wp\/v2\/types\/page"}],"author":[{"embeddable":true,"href":"http:\/\/garten.andre-schuermann.net\/index.php?rest_route=\/wp\/v2\/users\/1"}],"replies":[{"embeddable":true,"href":"http:\/\/garten.andre-schuermann.net\/index.php?rest_route=%2Fwp%2Fv2%2Fcomments&post=423"}],"version-history":[{"count":2,"href":"http:\/\/garten.andre-schuermann.net\/index.php?rest_route=\/wp\/v2\/pages\/423\/revisions"}],"predecessor-version":[{"id":453,"href":"http:\/\/garten.andre-schuermann.net\/index.php?rest_route=\/wp\/v2\/pages\/423\/revisions\/453"}],"wp:featuredmedia":[{"embeddable":true,"href":"http:\/\/garten.andre-schuermann.net\/index.php?rest_route=\/wp\/v2\/media\/158"}],"wp:attachment":[{"href":"http:\/\/garten.andre-schuermann.net\/index.php?rest_route=%2Fwp%2Fv2%2Fmedia&parent=423"}],"curies":[{"name":"wp","href":"https:\/\/api.w.org\/{rel}","templated":true}]}}

Leihgeräte

<p>Wir verleihen günstig und kurzfristig zu fairen Preisen folgende Geräte:.</p>



<ul class="wp-block-list"><li>Vertikultierer (Elektro u. Benziner)</li><li>Motorhacken</li><li>Motorsägen Echo</li><li>Rüttelplatten</li><li>div. Sabo Rasenmäher</li><li>Aufsitzmäher auf Anfrage</li></ul>



<figure class="wp-block-image size-large"><img loading="lazy" decoding="async" width="604" height="270" src="http://garten.andre-schuermann.net/wp-content/uploads/2021/01/Header_Dolmar-604x270-1.jpg" alt="" class="wp-image-157" srcset="http://garten.andre-schuermann.net/wp-content/uploads/2021/01/Header_Dolmar-604x270-1.jpg 604w, http://garten.andre-schuermann.net/wp-content/uploads/2021/01/Header_Dolmar-604x270-1-300x134.jpg 300w" sizes="auto, (max-width: 604px) 100vw, 604px" /></figure>

<p>Wir verleihen günstig und kurzfristig zu fairen Preisen folgende Geräte:. Vertikultierer (Elektro u. Benziner) Motorhacken Motorsägen Echo Rüttelplatten div. Sabo Rasenmäher Aufsitzmäher auf Anfrage</p>
